vative of 49*d**4/6 + 91*d**3/6 - 19*d**2. Is r(6) composite?
True
Let v be ((-12)/5 - -1) + 20/50. Let o(y) = -3974*y**3 - 2*y**2 - 3*y - 2. Is o(v) a composite number?
True
Let g(s) = s**3 + 19*s**2 - 35*s - 27. Let n be g(-19). Is 2*2/4*(n + 3) a prime number?
True
Let q be (-7*188/6)/((-20)/210). Let o = q - 586. Is o prime?
False
Suppose 178*p - 210697 = 177*p - 3*o, 2*p + 4*o = 421402. Is p prime?
True
Suppose p - 10 = -4*r, 2*p = 5*r + 3*p - 12. Suppose -4014 = -4*a - 2*l + 3162, r*a - 3594 = -4*l. Is a prime?
False
Is (17 + (-69963)/(-2))*10 a composite number?
True
Let m(r) = 80170*r + 4759. Is m(12) prime?
False
Suppose 2283041 + 1827513 = 22*f - 3980892. Is f prime?
False
Let u be ((-3)/7 - -1)*14. Is (-1)/((-4)/(-8)) + 5960/u a prime number?
True
Let n(x) = 2*x**3 + 44*x**2 + 35*x - 28. Suppose -273 = 2*d + 11*d. Is n(d) a prime number?
False
Is (-260853)/((2/8 - 0)/((-66)/792)) a prime number?
True
Let b(p) = p**2 + 11*p - 28. Let i be b(-12). Let m be 116/i*4*-1. Suppose -n + 0*d - 2*d = -m, -5*d = n - 44. Is n composite?
False
Let q(n) = 5789*n**2 + 173*n + 1. Is q(2) prime?
False
Let n = -5843 + 42588. Is n prime?
False
Let t(n) be the first derivative of n + 16. Let s(i) = -i**3 - 2*i**2 - i + 23. Let q(h) = s(h) + 3*t(h). Is q(0) composite?
True
Let m(v) = 3*v - 5. Let u be m(0). Let l be (114/u)/((-19)/(-95)). Let o = l - -1229. Is o a composite number?
True
Suppose -3*h = 2*a - 120831, 4*h - 2*a = 194862 - 33754. Is h a composite number?
False
Let f be 304/64 - 1/(-4). Is f*6152/120*6 a composite number?
True
Suppose d - x = 4524, -4*x = 4*d - 0*d - 18136. Suppose -3*g = 7*r - 8*r - 4537, -r = 3*g - d. Is g a composite number?
False
Let c be 2/(-2) + (-4)/(-1). Let s be (-23077)/(-4) - 3/(-12)*c. Is (s/6)/((-3)/(-9)) composite?
True
Let p(t) = -t**2 - 20*t + 48. Let u be p(-22). Suppose -2575 = -5*l + b, -u*b + 1176 - 168 = 2*l. Suppose 0 = -11*i + 6399 - l. Is i composite?
True
Suppose -6*a + a = -a - 55004. Is a a composite number?
False
Suppose 1144 = 3*v - 3*s - 4076, -2*s - 1738 = -v. Suppose -5*y + 4*y + v = 0. Is (-3)/(8/(-16) - y/(-3508)) composite?
False
Suppose -35*n - 11*n + 2332187 = -1882379. Is n a composite number?
False
Let y(v) be the second derivative of 161*v**4/4 + 2*v**3/3 + 23*v**2/2 - 20*v - 3. Is y(-3) composite?
True
Suppose -25*n + 69120515 = 41*n + 23*n. Is n prime?
False
Let m(v) = -37*v**3 + 3*v**2 + 9*v + 7. Let n be m(-3). Let y(a) = a**3 + 2*a**2 - a + 5. Let q be y(6). Let f = n - q. Is f a prime number?
True
Suppose b = 209 - 1007. Let i = b + 2771. Is i composite?
False
Suppose 0*v = 18*v - 990. Is 1761*(0 - v/(-15)) prime?
False
Suppose 0 = -5*x + 13*x - 73104. Let k = x - 6334. Suppose 5*z - k = z. Is z prime?
True
Let j = 147847 - -17224. Is j prime?
False
Suppose 0 = 21*w + 22*w + 8*w - 24381723. Is w a prime number?
False
Suppose -2*h - 3*m = 8, 2 = 2*h - 2*m - 10. Suppose -2*o + h*c = -103587 + 12135, -o = 3*c - 45706. Is o prime?
False
Suppose j - 3*g - 2532 = 0, -7*j + 5088 = -5*j + 2*g. Suppose 6230 = 7*q - j. Is q a composite number?
True
Let z = 67 + -62. Suppose -5*t + 45 = -z. Is (-5)/t - (-4174)/4 prime?
False
Let v(j) = -259*j**2 - 12*j - 4. Let k(d) = -86*d**2 - 4*d - 1. Let h(m) = -7*k(m) + 2*v(m). Is h(-6) a composite number?
False
Let i(b) = -6*b - 36. Let x(q) = q. Let y(p) = -i(p) + 4*x(p). Let g be y(-5). Let a = 17 + g. Is a composite?
False
Let z(c) = -c**3 + 2*c**2 + 24*c - 8. Let l be z(6). Let r(t) = -4*t**2 + 2*t + 6. Let a be r(l). Let b = 629 - a. Is b a prime number?
False
Suppose -9*o + 215587 = -156716. Is o composite?
True
Suppose -7*v + 2*v + 8 = z, 5 = 5*v. Let k(c) = 2*c**3 - 11*c**2 - 29*c + 12. Let n(s) = -s**3 + 6*s**2 + 15*s - 6. Let x(g) = z*k(g) + 5*n(g). Is x(10) prime?
False
Let o(c) = -c**3 - 2*c**2 - c + 4. Let p be o(-4). Let a = 43 - p. Suppose -a*w + 208 = -1145. Is w prime?
False
Let i(d) = -3408*d**3 + 5*d**2 + 29*d + 189. Is i(-5) a composite number?
True
Let w(o) = 3264*o + 2435. Is w(14) a composite number?
False
Let s(j) = 172*j**2 - 7*j - 1. Suppose -r - 4*u = 22, 0*r + 3*u + 9 = 3*r. Is s(r) composite?
False
Let w be (-12 - -3 - 2*-2)/(-1). Suppose 4*b - 219965 + 6578 = 5*t, -t = -w. Is b a prime number?
True
Let w(c) = 2431*c**2 - 190*c - 956. Is w(-5) prime?
False
Let x = -9905 + 20619. Let t = x - -399. Is t a prime number?
True
Is (-19509 + -78)*2/(-6) a prime number?
True
Suppose 3*p = -2*f + 4, 8 + 1 = -5*f + 2*p. Let u(h) = -12*h - 7. Let g be u(f). Is g/((-50)/(-3308)) - (-16)/80 prime?
True
Let f(o) = -o**3 + 5*o**2 - o + 12. Let y be f(5). Suppose 112484 = y*a + 9661. Is a a prime number?
False
Suppose 117 = 11*k - 114. Suppose 0 = -26*m + k*m - 10, -5*g = 5*m - 63775. Is g composite?
False
Let f(l) = -l**2 + 29*l - 30. Let t be f(28). Is -1*((-8)/t - 8) + 643 prime?
True
Let q = -83508 + 143005. Is q prime?
True
Let h = 313472 + -147433. Is h a composite number?
True
Let h(m) = -m**2 + 163. Let t be 6*1 + -9 + 10. Suppose -j + t*j = 0. Is h(j) prime?
True
Let b(n) = 123*n**2 + 36*n - 2371. Is b(-42) a prime number?
False
Is 2 + -3 + 5157*(-8150)/(-75) a composite number?
False
Let b = 4719928 - 3116681. Is b a prime number?
False
Suppose -34*g = -1443709 - 472633. Is g composite?
True
Let f = 31 - 27. Suppose -5*o = f*h - 17, o = -2*h - h + 10. Suppose h*j - 9029 = -3*k - 188, 2*j - 5908 = 5*k. Is j a composite number?
True
Is ((-22)/44)/((-7)/(-4188394))*-1 prime?
True
Suppose 13351 = 11*t + 180342. Is -7 + 9 + 2 - t a prime number?
False
Let d(q) = q + 7. Let y be d(-3). Let n(l) = 46*l**2 + 2*l - 8. Let x(w) = 3*w**2 - w + 1. Let i(h) = n(h) - x(h). Is i(y) a prime number?
True
Let t(d) be the second derivative of -41/2*d**2 + 19/6*d**3 - 1/12*d**4 - 16*d + 0. Is t(6) a composite number?
False
Suppose -64553 - 29447 = -25*d. Is (d - -3 - 6) + 6 a prime number?
False
Suppose 603*t = 610*t + 33236. Let x = 13561 + t. Is x a composite number?
True
Let d = -1 + 21. Let m = d + -16. Is (10490/40)/(1/m) prime?
True
Let r = -1744 - -2716. Let l = r + -272. Let x = l - 363. Is x prime?
True
Suppose 0 = -4*j - 2*z + 421900, 2*z + 2260 - 318687 = -3*j. Suppose -14*k + j = -35633. Is k a composite number?
False
Let x be 2037/(-12)*(-56)/2. Let i = -34 + 39. Suppose 2*a = -i*a + x. Is a prime?
False
Let i(u) = -199*u - 1. Let b(n) = -200*n + 1. Let s(m) = -5*b(m) + 6*i(m). Is s(-5) a prime number?
False
Let g = 456445 - 218180. Is g a composite number?
True
Is -12 + (145/(-87))/(1/(-257307)) prime?
True
Let b = 12831 + -5570. Is b composite?
True
Let b(s) be the second derivative of 91*s**4/4 - 2*s**3/3 - 19*s**2 - 36*s. Is b(-7) prime?
True
Suppose 4*s - 1896802 = 80*w - 78*w, 0 = -3*w - 21. Is s composite?
False
Let v(l) = 2*l**3 + 45*l**2 - 17*l + 132. Let k be v(-23). Let b(h) = 267*h + 13. Let j(o) = -o. Let t(c) = -b(c) - 5*j(c). Is t(k) composite?
False
Let s(h) = -4*h**3 - 5*h**2 - 3*h + 6. Let q be s(-2). Let b be (12 - q)/((-6)/(-4)) + 0. Is (-2217)/(-3)*(b + 9) prime?
True
Suppose 178 + 326 = -8*g. Let t = g + 73. Is t*(345/10 - -1) a composite number?
True
Let z(k) = 3*k - 25. Let l = 55 + -45. Let d be z(l). Suppose 0 = -3*o + b + 3636, -2*o - d*b + 6040 = 3*o. Is o a composite number?
True
Suppose 0 = 18*a - 13706890 - 647624. Is a prime?
True
Suppose 0*x = 2*x - 4884. Suppose 0 = -10*z + x + 15968. Is z a composite number?
True
Suppose 9992 = 4*m - 4*d, 93*d = -2*m + 89*d + 5026. Is m a composite number?
False
Let b(r) = 3*r**3 - r**2. Let s be b(1). Let t be (-32)/40 + (-395)/(-25). Is 659/s - t/(-10) a prime number?
True
Let y(a) = -9100*a - 321. Is y(-1) a composite number?
False
Let k be 12 + -12 - (-2 + 3). Let p be 1 - (466 + 2)/k. Is p - 3/(-9)*0 prime?
False
Let g(k) = 506*k + 1. Let m be g(1). Let x be 3/(-6)*4*(-9)/6. Suppose -3*h - 2*h = 3*s - m, -x*s - h = -507. Is s a prime number?
False
Let r = 60787 + -39924. Is r composite?
True
Let w = 1091 + 525. Let x = 2579 - w. Let l = -484 + x. Is l composite?
False
Suppose 4*w - 609359 = -5*r + 211744, -4*r - 205239 = -w. Is w a prime number?
True
Let f = 1658 - 452. Suppose 0 = -4*m + 4190 + f. Is m a prime number?
False
Suppose 7255674 + 19231368 = 222*f. Is f prime?
True
Let c = 344 - 329. Suppose 9865 = -c*d + 20*d. Is d a prime number?
True
Suppose -